{"id":6361,"date":"2024-03-21T11:38:41","date_gmt":"2024-03-21T14:38:41","guid":{"rendered":"https:\/\/staging.segurosorion.cl\/seguros-orion\/?page_id=6361"},"modified":"2024-03-21T12:14:34","modified_gmt":"2024-03-21T15:14:34","slug":"reclamos","status":"publish","type":"page","link":"https:\/\/portalprod.segurosorion.cl\/seguros-orion\/reclamos\/","title":{"rendered":"Consultas o reclamos"},"content":{"rendered":"\t\t<div data-elementor-type=\"wp-page\" data-elementor-id=\"6361\" class=\"elementor elementor-6361\" data-elementor-post-type=\"page\">\n\t\t\t\t\t\t<section class=\"elementor-section elementor-top-section elementor-element elementor-element-9f5fbd6 elementor-section-boxed elementor-section-height-default elementor-section-height-default\" data-id=\"9f5fbd6\" data-element_type=\"section\" data-e-type=\"section\">\n\t\t\t\t\t\t<div class=\"elementor-container elementor-column-gap-default\">\n\t\t\t\t\t<div class=\"elementor-column elementor-col-50 elementor-top-column elementor-element elementor-element-94dc062\" data-id=\"94dc062\" data-element_type=\"column\" data-e-type=\"column\">\n\t\t\t<div class=\"elementor-widget-wrap elementor-element-populated\">\n\t\t\t\t\t\t<div class=\"elementor-element elementor-element-4955c8d elementor-widget elementor-widget-heading\" data-id=\"4955c8d\" data-element_type=\"widget\" data-e-type=\"widget\" data-widget_type=\"heading.default\">\n\t\t\t\t<div class=\"elementor-widget-container\">\n\t\t\t\t\t<h2 class=\"elementor-heading-title elementor-size-default\">Informaci\u00f3n sobre Atenci\u00f3n de Clientes y Presentaci\u00f3n de Consultas y Reclamos<\/h2>\t\t\t\t<\/div>\n\t\t\t\t<\/div>\n\t\t\t\t\t<\/div>\n\t\t<\/div>\n\t\t\t\t<div class=\"elementor-column elementor-col-50 elementor-top-column elementor-element elementor-element-372f598\" data-id=\"372f598\" data-element_type=\"column\" data-e-type=\"column\">\n\t\t\t<div class=\"elementor-widget-wrap elementor-element-populated\">\n\t\t\t\t\t\t<div class=\"elementor-element elementor-element-b53c003 elementor-widget elementor-widget-image\" data-id=\"b53c003\" data-element_type=\"widget\" data-e-type=\"widget\" data-widget_type=\"image.default\">\n\t\t\t\t<div class=\"elementor-widget-container\">\n\t\t\t\t\t\t\t\t\t\t\t\t\t\t\t<img fetchpriority=\"high\" decoding=\"async\" width=\"900\" height=\"450\" src=\"https:\/\/portalprod.segurosorion.cl\/seguros-orion\/wp-content\/uploads\/2024\/03\/trabajando-reunion-1024x512.jpg\" class=\"attachment-large size-large wp-image-6204\" alt=\"\" srcset=\"https:\/\/portalprod.segurosorion.cl\/seguros-orion\/wp-content\/uploads\/2024\/03\/trabajando-reunion-1024x512.jpg 1024w, https:\/\/portalprod.segurosorion.cl\/seguros-orion\/wp-content\/uploads\/2024\/03\/trabajando-reunion-768x384.jpg 768w, https:\/\/portalprod.segurosorion.cl\/seguros-orion\/wp-content\/uploads\/2024\/03\/trabajando-reunion.jpg 1080w\" sizes=\"(max-width: 900px) 100vw, 900px\" \/>\t\t\t\t\t\t\t\t\t\t\t\t\t\t\t<\/div>\n\t\t\t\t<\/div>\n\t\t\t\t\t<\/div>\n\t\t<\/div>\n\t\t\t\t\t<\/div>\n\t\t<\/section>\n\t\t\t\t<section class=\"elementor-section elementor-top-section elementor-element elementor-element-6d74735 elementor-section-boxed elementor-section-height-default elementor-section-height-default\" data-id=\"6d74735\" data-element_type=\"section\" data-e-type=\"section\">\n\t\t\t\t\t\t<div class=\"elementor-container elementor-column-gap-default\">\n\t\t\t\t\t<div class=\"elementor-column elementor-col-100 elementor-top-column elementor-element elementor-element-5515c70\" data-id=\"5515c70\" data-element_type=\"column\" data-e-type=\"column\">\n\t\t\t<div class=\"elementor-widget-wrap elementor-element-populated\">\n\t\t\t\t\t\t<div class=\"elementor-element elementor-element-1fc38e4 elementor-widget elementor-widget-text-editor\" data-id=\"1fc38e4\" data-element_type=\"widget\" data-e-type=\"widget\" data-widget_type=\"text-editor.default\">\n\t\t\t\t<div class=\"elementor-widget-container\">\n\t\t\t\t\t\t\t\t\t\n\t\t\t<p>En virtud de la Circular N\u00b0 2131 de 28 de Noviembre de 2013, las compa\u00f1\u00edas de seguros, corredores de seguros y liquidadores de siniestros, deber\u00e1n recibir, registrar y responder todas las presentaciones, consultas o reclamos que se les presenten directamente por el contratante, asegurado, beneficiarios o leg\u00edtimos interesados o sus mandatarios.<\/p>\n<p>Las presentaciones pueden ser efectuadas en todas las oficinas de las entidades en que se atienda p\u00fablico, presencialmente, por correo postal, medios electr\u00f3nicos, o telef\u00f3nicamente, sin formalidades, en el horario normal de atenci\u00f3n.<\/p>\n<p>Recibida una presentaci\u00f3n, consulta o reclamo, \u00e9sta deber\u00e1 ser respondida en el plazo m\u00e1s breve posible, el que no podr\u00e1 exceder de 20 d\u00edas h\u00e1biles contados desde su recepci\u00f3n.<\/p>\n<p>El interesado, en caso de disconformidad respecto de lo informado, o bien cuando exista demora injustificada de la respuesta, podr\u00e1 recurrir a la Superintendencia de Valores y Seguros, \u00c1rea de Protecci\u00f3n al Inversionista y Asegurado, cuyas oficinas se encuentran ubicadas en Av. Libertador Bernardo O\u2019Higgins 1449, Primer piso, Santiago, o a trav\u00e9s del sitio web <span><strong><a href=\"http:\/\/www.cmfchile.cl\" target=\"_blank\" rel=\"noopener\">www.cmfchile.cl.<\/a><\/strong><\/span><\/p>\n\n\t\t\t\t\t\t\t\t<\/div>\n\t\t\t\t<\/div>\n\t\t\t\t\t<\/div>\n\t\t<\/div>\n\t\t\t\t\t<\/div>\n\t\t<\/section>\n\t\t\t\t<section class=\"elementor-section elementor-top-section elementor-element elementor-element-df91301 elementor-section-full_width elementor-section-height-default elementor-section-height-default\" data-id=\"df91301\" data-element_type=\"section\" data-e-type=\"section\" data-settings=\"{&quot;background_background&quot;:&quot;classic&quot;}\">\n\t\t\t\t\t\t<div class=\"elementor-container elementor-column-gap-default\">\n\t\t\t\t\t<div class=\"elementor-column elementor-col-100 elementor-top-column elementor-element elementor-element-8d45c0e\" data-id=\"8d45c0e\" data-element_type=\"column\" data-e-type=\"column\">\n\t\t\t<div class=\"elementor-widget-wrap elementor-element-populated\">\n\t\t\t\t\t\t<section class=\"elementor-section elementor-inner-section elementor-element elementor-element-502f6fa elementor-section-content-middle elementor-section-boxed elementor-section-height-default elementor-section-height-default\" data-id=\"502f6fa\" data-element_type=\"section\" data-e-type=\"section\">\n\t\t\t\t\t\t<div class=\"elementor-container elementor-column-gap-default\">\n\t\t\t\t\t<div class=\"elementor-column elementor-col-50 elementor-inner-column elementor-element elementor-element-52fbd39\" data-id=\"52fbd39\" data-element_type=\"column\" data-e-type=\"column\">\n\t\t\t<div class=\"elementor-widget-wrap elementor-element-populated\">\n\t\t\t\t\t\t<div class=\"elementor-element elementor-element-af4c475 elementor-widget elementor-widget-heading\" data-id=\"af4c475\" data-element_type=\"widget\" data-e-type=\"widget\" data-widget_type=\"heading.default\">\n\t\t\t\t<div class=\"elementor-widget-container\">\n\t\t\t\t\t<p class=\"elementor-heading-title elementor-size-default\">Forma parte de nuestra empresa. Trabaja con nosotros.<\/p>\t\t\t\t<\/div>\n\t\t\t\t<\/div>\n\t\t\t\t\t<\/div>\n\t\t<\/div>\n\t\t\t\t<div class=\"elementor-column elementor-col-50 elementor-inner-column elementor-element elementor-element-9021e2d\" data-id=\"9021e2d\" data-element_type=\"column\" data-e-type=\"column\">\n\t\t\t<div class=\"elementor-widget-wrap elementor-element-populated\">\n\t\t\t\t\t\t<div class=\"elementor-element elementor-element-3c46b00 elementor-mobile-align-center elementor-widget elementor-widget-button\" data-id=\"3c46b00\" data-element_type=\"widget\" data-e-type=\"widget\" data-widget_type=\"button.default\">\n\t\t\t\t<div class=\"elementor-widget-container\">\n\t\t\t\t\t\t\t\t\t<div class=\"elementor-button-wrapper\">\n\t\t\t\t\t<a class=\"elementor-button elementor-button-link elementor-size-md\" href=\"https:\/\/portalprod.segurosorion.cl\/seguros-orion\/trabaja-con-nosotros\/\" target=\"_blank\">\n\t\t\t\t\t\t<span class=\"elementor-button-content-wrapper\">\n\t\t\t\t\t\t<span class=\"elementor-button-icon\">\n\t\t\t\t<i aria-hidden=\"true\" class=\"fas fa-angle-right\"><\/i>\t\t\t<\/span>\n\t\t\t\t\t\t\t\t\t<span class=\"elementor-button-text\"> \u00danete<\/span>\n\t\t\t\t\t<\/span>\n\t\t\t\t\t<\/a>\n\t\t\t\t<\/div>\n\t\t\t\t\t\t\t\t<\/div>\n\t\t\t\t<\/div>\n\t\t\t\t\t<\/div>\n\t\t<\/div>\n\t\t\t\t\t<\/div>\n\t\t<\/section>\n\t\t\t\t\t<\/div>\n\t\t<\/div>\n\t\t\t\t\t<\/div>\n\t\t<\/section>\n\t\t\t\t<\/div>\n\t\t","protected":false},"excerpt":{"rendered":"<p>Informaci\u00f3n sobre Atenci\u00f3n de Clientes y Presentaci\u00f3n de Consultas y Reclamos En virtud de la Circular N\u00b0 2131 de 28 de Noviembre de 2013, las compa\u00f1\u00edas de seguros, corredores de seguros y liquidadores de siniestros, deber\u00e1n recibir, registrar y responder todas las presentaciones, consultas o reclamos que se les presenten directamente por el contratante, asegurado, [&hellip;]<\/p>\n","protected":false},"author":3,"featured_media":0,"parent":0,"menu_order":0,"comment_status":"closed","ping_status":"closed","template":"elementor_header_footer","meta":{"footnotes":""},"class_list":["post-6361","page","type-page","status-publish","hentry"],"yoast_head":"<!-- This site is optimized with the Yoast SEO plugin v27.2 - https:\/\/yoast.com\/product\/yoast-seo-wordpress\/ -->\n<title>Consultas o reclamos - ORION<\/title>\n<meta name=\"robots\" content=\"index, follow, max-snippet:-1, max-image-preview:large, max-video-preview:-1\" \/>\n<link rel=\"canonical\" href=\"https:\/\/portalprod.segurosorion.cl\/seguros-orion\/reclamos\/\" \/>\n<meta property=\"og:locale\" content=\"es_ES\" \/>\n<meta property=\"og:type\" content=\"article\" \/>\n<meta property=\"og:title\" content=\"Consultas o reclamos - ORION\" \/>\n<meta property=\"og:description\" content=\"Informaci\u00f3n sobre Atenci\u00f3n de Clientes y Presentaci\u00f3n de Consultas y Reclamos En virtud de la Circular N\u00b0 2131 de 28 de Noviembre de 2013, las compa\u00f1\u00edas de seguros, corredores de seguros y liquidadores de siniestros, deber\u00e1n recibir, registrar y responder todas las presentaciones, consultas o reclamos que se les presenten directamente por el contratante, asegurado, [&hellip;]\" \/>\n<meta property=\"og:url\" content=\"https:\/\/portalprod.segurosorion.cl\/seguros-orion\/reclamos\/\" \/>\n<meta property=\"og:site_name\" content=\"ORION\" \/>\n<meta property=\"article:modified_time\" content=\"2024-03-21T15:14:34+00:00\" \/>\n<meta property=\"og:image\" content=\"https:\/\/staging.segurosorion.cl\/seguros-orion\/wp-content\/uploads\/2024\/03\/trabajando-reunion-1024x512.jpg\" \/>\n<meta name=\"twitter:card\" content=\"summary_large_image\" \/>\n<meta name=\"twitter:label1\" content=\"Tiempo estimado de lectura\" \/>\n\t<meta name=\"twitter:data1\" content=\"1 minuto\" \/>\n<script type=\"application\/ld+json\" class=\"yoast-schema-graph\">{\"@context\":\"https:\/\/schema.org\",\"@graph\":[{\"@type\":\"WebPage\",\"@id\":\"https:\/\/portalprod.segurosorion.cl\/seguros-orion\/reclamos\/\",\"url\":\"https:\/\/portalprod.segurosorion.cl\/seguros-orion\/reclamos\/\",\"name\":\"Consultas o reclamos - ORION\",\"isPartOf\":{\"@id\":\"https:\/\/portalprod.segurosorion.cl\/seguros-orion\/#website\"},\"primaryImageOfPage\":{\"@id\":\"https:\/\/portalprod.segurosorion.cl\/seguros-orion\/reclamos\/#primaryimage\"},\"image\":{\"@id\":\"https:\/\/portalprod.segurosorion.cl\/seguros-orion\/reclamos\/#primaryimage\"},\"thumbnailUrl\":\"https:\/\/staging.segurosorion.cl\/seguros-orion\/wp-content\/uploads\/2024\/03\/trabajando-reunion-1024x512.jpg\",\"datePublished\":\"2024-03-21T14:38:41+00:00\",\"dateModified\":\"2024-03-21T15:14:34+00:00\",\"breadcrumb\":{\"@id\":\"https:\/\/portalprod.segurosorion.cl\/seguros-orion\/reclamos\/#breadcrumb\"},\"inLanguage\":\"es-CL\",\"potentialAction\":[{\"@type\":\"ReadAction\",\"target\":[\"https:\/\/portalprod.segurosorion.cl\/seguros-orion\/reclamos\/\"]}]},{\"@type\":\"ImageObject\",\"inLanguage\":\"es-CL\",\"@id\":\"https:\/\/portalprod.segurosorion.cl\/seguros-orion\/reclamos\/#primaryimage\",\"url\":\"https:\/\/staging.segurosorion.cl\/seguros-orion\/wp-content\/uploads\/2024\/03\/trabajando-reunion-1024x512.jpg\",\"contentUrl\":\"https:\/\/staging.segurosorion.cl\/seguros-orion\/wp-content\/uploads\/2024\/03\/trabajando-reunion-1024x512.jpg\"},{\"@type\":\"BreadcrumbList\",\"@id\":\"https:\/\/portalprod.segurosorion.cl\/seguros-orion\/reclamos\/#breadcrumb\",\"itemListElement\":[{\"@type\":\"ListItem\",\"position\":1,\"name\":\"Portada\",\"item\":\"https:\/\/portalprod.segurosorion.cl\/seguros-orion\/\"},{\"@type\":\"ListItem\",\"position\":2,\"name\":\"Consultas o reclamos\"}]},{\"@type\":\"WebSite\",\"@id\":\"https:\/\/portalprod.segurosorion.cl\/seguros-orion\/#website\",\"url\":\"https:\/\/portalprod.segurosorion.cl\/seguros-orion\/\",\"name\":\"ORION\",\"description\":\"Seguros Generales\",\"publisher\":{\"@id\":\"https:\/\/portalprod.segurosorion.cl\/seguros-orion\/#organization\"},\"potentialAction\":[{\"@type\":\"SearchAction\",\"target\":{\"@type\":\"EntryPoint\",\"urlTemplate\":\"https:\/\/portalprod.segurosorion.cl\/seguros-orion\/?s={search_term_string}\"},\"query-input\":{\"@type\":\"PropertyValueSpecification\",\"valueRequired\":true,\"valueName\":\"search_term_string\"}}],\"inLanguage\":\"es-CL\"},{\"@type\":\"Organization\",\"@id\":\"https:\/\/portalprod.segurosorion.cl\/seguros-orion\/#organization\",\"name\":\"ORION\",\"url\":\"https:\/\/portalprod.segurosorion.cl\/seguros-orion\/\",\"logo\":{\"@type\":\"ImageObject\",\"inLanguage\":\"es-CL\",\"@id\":\"https:\/\/portalprod.segurosorion.cl\/seguros-orion\/#\/schema\/logo\/image\/\",\"url\":\"https:\/\/portalprod.segurosorion.cl\/seguros-orion\/wp-content\/uploads\/2023\/01\/logo_crop.png\",\"contentUrl\":\"https:\/\/portalprod.segurosorion.cl\/seguros-orion\/wp-content\/uploads\/2023\/01\/logo_crop.png\",\"width\":513,\"height\":106,\"caption\":\"ORION\"},\"image\":{\"@id\":\"https:\/\/portalprod.segurosorion.cl\/seguros-orion\/#\/schema\/logo\/image\/\"},\"sameAs\":[\"https:\/\/www.instagram.com\/segurosgeneralesorion\/\",\"https:\/\/cl.linkedin.com\/company\/orion-compania-de-seguros-generales\"]}]}<\/script>\n<!-- \/ Yoast SEO plugin. -->","yoast_head_json":{"title":"Consultas o reclamos - ORION","robots":{"index":"index","follow":"follow","max-snippet":"max-snippet:-1","max-image-preview":"max-image-preview:large","max-video-preview":"max-video-preview:-1"},"canonical":"https:\/\/portalprod.segurosorion.cl\/seguros-orion\/reclamos\/","og_locale":"es_ES","og_type":"article","og_title":"Consultas o reclamos - ORION","og_description":"Informaci\u00f3n sobre Atenci\u00f3n de Clientes y Presentaci\u00f3n de Consultas y Reclamos En virtud de la Circular N\u00b0 2131 de 28 de Noviembre de 2013, las compa\u00f1\u00edas de seguros, corredores de seguros y liquidadores de siniestros, deber\u00e1n recibir, registrar y responder todas las presentaciones, consultas o reclamos que se les presenten directamente por el contratante, asegurado, [&hellip;]","og_url":"https:\/\/portalprod.segurosorion.cl\/seguros-orion\/reclamos\/","og_site_name":"ORION","article_modified_time":"2024-03-21T15:14:34+00:00","og_image":[{"url":"https:\/\/staging.segurosorion.cl\/seguros-orion\/wp-content\/uploads\/2024\/03\/trabajando-reunion-1024x512.jpg","type":"","width":"","height":""}],"twitter_card":"summary_large_image","twitter_misc":{"Tiempo estimado de lectura":"1 minuto"},"schema":{"@context":"https:\/\/schema.org","@graph":[{"@type":"WebPage","@id":"https:\/\/portalprod.segurosorion.cl\/seguros-orion\/reclamos\/","url":"https:\/\/portalprod.segurosorion.cl\/seguros-orion\/reclamos\/","name":"Consultas o reclamos - ORION","isPartOf":{"@id":"https:\/\/portalprod.segurosorion.cl\/seguros-orion\/#website"},"primaryImageOfPage":{"@id":"https:\/\/portalprod.segurosorion.cl\/seguros-orion\/reclamos\/#primaryimage"},"image":{"@id":"https:\/\/portalprod.segurosorion.cl\/seguros-orion\/reclamos\/#primaryimage"},"thumbnailUrl":"https:\/\/staging.segurosorion.cl\/seguros-orion\/wp-content\/uploads\/2024\/03\/trabajando-reunion-1024x512.jpg","datePublished":"2024-03-21T14:38:41+00:00","dateModified":"2024-03-21T15:14:34+00:00","breadcrumb":{"@id":"https:\/\/portalprod.segurosorion.cl\/seguros-orion\/reclamos\/#breadcrumb"},"inLanguage":"es-CL","potentialAction":[{"@type":"ReadAction","target":["https:\/\/portalprod.segurosorion.cl\/seguros-orion\/reclamos\/"]}]},{"@type":"ImageObject","inLanguage":"es-CL","@id":"https:\/\/portalprod.segurosorion.cl\/seguros-orion\/reclamos\/#primaryimage","url":"https:\/\/staging.segurosorion.cl\/seguros-orion\/wp-content\/uploads\/2024\/03\/trabajando-reunion-1024x512.jpg","contentUrl":"https:\/\/staging.segurosorion.cl\/seguros-orion\/wp-content\/uploads\/2024\/03\/trabajando-reunion-1024x512.jpg"},{"@type":"BreadcrumbList","@id":"https:\/\/portalprod.segurosorion.cl\/seguros-orion\/reclamos\/#breadcrumb","itemListElement":[{"@type":"ListItem","position":1,"name":"Portada","item":"https:\/\/portalprod.segurosorion.cl\/seguros-orion\/"},{"@type":"ListItem","position":2,"name":"Consultas o reclamos"}]},{"@type":"WebSite","@id":"https:\/\/portalprod.segurosorion.cl\/seguros-orion\/#website","url":"https:\/\/portalprod.segurosorion.cl\/seguros-orion\/","name":"ORION","description":"Seguros Generales","publisher":{"@id":"https:\/\/portalprod.segurosorion.cl\/seguros-orion\/#organization"},"potentialAction":[{"@type":"SearchAction","target":{"@type":"EntryPoint","urlTemplate":"https:\/\/portalprod.segurosorion.cl\/seguros-orion\/?s={search_term_string}"},"query-input":{"@type":"PropertyValueSpecification","valueRequired":true,"valueName":"search_term_string"}}],"inLanguage":"es-CL"},{"@type":"Organization","@id":"https:\/\/portalprod.segurosorion.cl\/seguros-orion\/#organization","name":"ORION","url":"https:\/\/portalprod.segurosorion.cl\/seguros-orion\/","logo":{"@type":"ImageObject","inLanguage":"es-CL","@id":"https:\/\/portalprod.segurosorion.cl\/seguros-orion\/#\/schema\/logo\/image\/","url":"https:\/\/portalprod.segurosorion.cl\/seguros-orion\/wp-content\/uploads\/2023\/01\/logo_crop.png","contentUrl":"https:\/\/portalprod.segurosorion.cl\/seguros-orion\/wp-content\/uploads\/2023\/01\/logo_crop.png","width":513,"height":106,"caption":"ORION"},"image":{"@id":"https:\/\/portalprod.segurosorion.cl\/seguros-orion\/#\/schema\/logo\/image\/"},"sameAs":["https:\/\/www.instagram.com\/segurosgeneralesorion\/","https:\/\/cl.linkedin.com\/company\/orion-compania-de-seguros-generales"]}]}},"_links":{"self":[{"href":"https:\/\/portalprod.segurosorion.cl\/seguros-orion\/wp-json\/wp\/v2\/pages\/6361","targetHints":{"allow":["GET"]}}],"collection":[{"href":"https:\/\/portalprod.segurosorion.cl\/seguros-orion\/wp-json\/wp\/v2\/pages"}],"about":[{"href":"https:\/\/portalprod.segurosorion.cl\/seguros-orion\/wp-json\/wp\/v2\/types\/page"}],"author":[{"embeddable":true,"href":"https:\/\/portalprod.segurosorion.cl\/seguros-orion\/wp-json\/wp\/v2\/users\/3"}],"replies":[{"embeddable":true,"href":"https:\/\/portalprod.segurosorion.cl\/seguros-orion\/wp-json\/wp\/v2\/comments?post=6361"}],"version-history":[{"count":13,"href":"https:\/\/portalprod.segurosorion.cl\/seguros-orion\/wp-json\/wp\/v2\/pages\/6361\/revisions"}],"predecessor-version":[{"id":6385,"href":"https:\/\/portalprod.segurosorion.cl\/seguros-orion\/wp-json\/wp\/v2\/pages\/6361\/revisions\/6385"}],"wp:attachment":[{"href":"https:\/\/portalprod.segurosorion.cl\/seguros-orion\/wp-json\/wp\/v2\/media?parent=6361"}],"curies":[{"name":"wp","href":"https:\/\/api.w.org\/{rel}","templated":true}]}}