{"id":6569,"date":"2024-04-02T06:11:10","date_gmt":"2024-04-02T09:11:10","guid":{"rendered":"https:\/\/portalprod.segurosorion.cl\/seguros-orion\/?page_id=6569"},"modified":"2024-04-02T06:16:40","modified_gmt":"2024-04-02T09:16:40","slug":"terminos-y-condiciones","status":"publish","type":"page","link":"https:\/\/portalprod.segurosorion.cl\/seguros-orion\/terminos-y-condiciones\/","title":{"rendered":"T\u00e9rminos y Condiciones"},"content":{"rendered":"\t\t<div data-elementor-type=\"wp-page\" data-elementor-id=\"6569\" class=\"elementor elementor-6569\" data-elementor-post-type=\"page\">\n\t\t\t\t\t\t<section class=\"elementor-section elementor-top-section elementor-element elementor-element-3b93645 elementor-section-boxed elementor-section-height-default elementor-section-height-default\" data-id=\"3b93645\" data-element_type=\"section\" data-e-type=\"section\">\n\t\t\t\t\t\t<div class=\"elementor-container elementor-column-gap-default\">\n\t\t\t\t\t<div class=\"elementor-column elementor-col-100 elementor-top-column elementor-element elementor-element-fc0758f\" data-id=\"fc0758f\" data-element_type=\"column\" data-e-type=\"column\">\n\t\t\t<div class=\"elementor-widget-wrap elementor-element-populated\">\n\t\t\t\t\t\t<div class=\"elementor-element elementor-element-86d9468 elementor-widget elementor-widget-heading\" data-id=\"86d9468\" data-element_type=\"widget\" data-e-type=\"widget\" data-widget_type=\"heading.default\">\n\t\t\t\t<div class=\"elementor-widget-container\">\n\t\t\t\t\t<h1 class=\"elementor-heading-title elementor-size-default\">T\u00e9rminos y Condiciones\n<\/h1>\t\t\t\t<\/div>\n\t\t\t\t<\/div>\n\t\t\t\t<div class=\"elementor-element elementor-element-d880f94 elementor-widget elementor-widget-text-editor\" data-id=\"d880f94\" data-element_type=\"widget\" data-e-type=\"widget\" data-widget_type=\"text-editor.default\">\n\t\t\t\t<div class=\"elementor-widget-container\">\n\t\t\t\t\t\t\t\t\t<p style=\"text-align: justify;\">Lea con cuidado los t\u00e9rminos y condiciones de uso del sitio, que se indican a continuaci\u00f3n.<br \/>La informaci\u00f3n contenida en este sitio es proporcionada por ORION \u00fanicamente a t\u00edtulo informativo y no est\u00e1 destinada a ser usada con otros fines. Al ingresar al sitio o al reproducir por cualquier medio el material en el contenido, usted acepta expresamente los t\u00e9rminos y condiciones indicados a continuaci\u00f3n y se hace responsable de su cumplimiento. Si usted no est\u00e1 de acuerdo con estos t\u00e9rminos y condiciones, no use la informaci\u00f3n contenida en el sitio.<\/p>\n<p style=\"text-align: justify;\">Revise regularmente estos t\u00e9rminos y condiciones, ya que ORION se reserva el derecho de modificarlos en cualquier momento.<\/p>\n<p>&nbsp;<\/p>\n<h4>Responsabilidad<\/h4>\n<p style=\"text-align: justify;\"><span><strong>ORION no ser\u00e1 responsable, bajo ninguna circunstancia, por eventuales da\u00f1os y\/o perjuicios, directos o indirectos, especiales, incidentales o consecuenciales, que puedan derivarse del uso, o imposibilidad de uso, de este sitio ni de la informaci\u00f3n en \u00e9l contenida o de las modificaciones y\/o agregaciones que se le hagan en lo sucesivo, ya que la persona que utilice cualquier informaci\u00f3n que ORION ponga a su disposici\u00f3n a trav\u00e9s de este medio, lo hace bajo su exclusiva cuenta y riesgo.<\/strong><\/span><\/p>\n\n<p style=\"text-align: justify;\"><span style=\"color: #999999;\"><strong><em>El contenido de este sitio, su software y eventuales links aotros sitios se ponen a disposici\u00f3n del p\u00fablico en general en los t\u00e9rminos en que se presentan sin que su ofrecimiento implique ning\u00fan tipo de garant\u00eda de comercializaci\u00f3n y condicionamiento a un prop\u00f3sito particular, ya sea impl\u00edcita o expl\u00edcita.<\/em><\/strong><\/span><\/p>\n\n<p style=\"text-align: justify;\">ORION procura asegurar, en todo momento, la exactitud de los contenidos aqu\u00ed publicados, pero no asume responsabilidad por las discrepancias que puedan presentarse entre la versi\u00f3n electr\u00f3nica de los documentos aqu\u00ed expuestos y versiones impresas, por lo que ser\u00e1 de responsabilidad del interesado verificar esto \u00faltimo.<\/p>\n\n<p style=\"text-align: justify;\">ORION trabaja permanentemente para corregir posibles defectos, si son detectados. Sin embargo, los contenidos provistos no pretenden ser descripciones completas de todos los t\u00e9rminos, exclusiones y condiciones aplicables a productos y servicios. Su prop\u00f3sito es \u00fanicamente informativo. La \u00fanica informaci\u00f3n vinculante es la que se entrega al momento de firmar un contrato de venta de seguro.<\/p>\n\n<p style=\"text-align: justify;\">Los materiales del tipo informativo pueden contener inexactitudes o errores tipogr\u00e1ficos. ORION no garantiza la exactitud o completitud de los materiales, la confiabilidad de ning\u00fan antecedente, opini\u00f3n, declaraci\u00f3n u otra informaci\u00f3n desplegada o distribuida en este sitio. Desde el momento en que usted ingresa a este sitio reconoce que al basarse en alg\u00fan antecedente, opini\u00f3n, declaraci\u00f3n, memorando o informaci\u00f3n en \u00e9l contenida lo hace bajo su propio riesgo. ORION se reserva el derecho de corregir errores u omisiones en el sitio, o hacer cualquier otro tipo de cambios sin aviso.<\/p>\n\n<p style=\"text-align: justify;\">El usuario asume que el uso la informaci\u00f3n del sitio estar\u00e1 bajo su propia responsabilidad.<br>\nORION Seguros Generales se reserva el derecho de modificar e interrumpir, la disponibilidad del Sitio Web o de alguna de sus secciones y servicios, con o sin previo aviso.<\/p>\n<br>\n<h4>Links a otros sitios\n<\/h4>\n\n<p style=\"text-align: justify;\">Los links a sitios de terceras partes, son provistos solamente para su conveniencia e informaci\u00f3n. Se deja expresamente establecido que el contenido de los sitios cuyos links provee ORION no est\u00e1n bajo nuestro control, no siendo ORION responsable por ellos bajo ninguna circunstancia. Si usted decide visitar esos sitios, lo hace libremente, por su propia cuenta y riesgo, siendo de su exclusiva responsabilidad tomar las medidas de protecci\u00f3n contra virus y otros elementos destructivos. ORION no da ninguna garant\u00eda sobre dichos sitios, su informaci\u00f3n o los productos o servicios ofrecidos en ellos por terceras personas.<\/p>\n\n<blockquote>\n<p style=\"text-align: justify;\">ORION se reserva el derecho de agregar y\/o eliminar un link a un sitio de terceras partes en cualquier momento sin aviso previo ni expresi\u00f3n de causa.<\/p>\n<\/blockquote>\n\n<p style=\"text-align: justify;\">El hecho de proveer un link a un sitio de terceras partes no significa necesariamente que ORION apruebe, autorice o patrocine ese sitio en particular, ni que ORION se encuentre de manera alguna afiliado con los patrocinadores o due\u00f1os de dicho sitio.<\/p>\n<br>\n<h4>Propiedad Intelectual\n<\/h4>\n\n<p>Los contenidos de este sitio est\u00e1n protegidos por la ley de propiedad intelectual en Chile y las leyes de propiedad intelectual a nivel mundial. Usted no est\u00e1 autorizado a enviar o trasmitir hacia o desde este sitio ning\u00fan material ilegal, calumnioso, difamatorio, obsceno, escandaloso, pornogr\u00e1fico o blasfemo, o cualquier otro material que pueda dar pie a cualquier demanda criminal o civil.<\/p>\n\n<p>Se autoriza a imprimir copia de la informaci\u00f3n aqu\u00ed contenida s\u00f3lo para uso personal, pero no se puede reproducir o distribuir el texto o gr\u00e1fica con fines comerciales o efectuar una copia sustancial en su propio servidor, o hacer un link a este sitio, sin la previa autorizaci\u00f3n por escrito de ORION. Para solicitar esta autorizaci\u00f3n usted debe contactarnos.<\/p>\n\t\t\t\t\t\t\t\t<\/div>\n\t\t\t\t<\/div>\n\t\t\t\t\t<\/div>\n\t\t<\/div>\n\t\t\t\t\t<\/div>\n\t\t<\/section>\n\t\t\t\t<\/div>\n\t\t","protected":false},"excerpt":{"rendered":"<p>T\u00e9rminos y Condiciones Lea con cuidado los t\u00e9rminos y condiciones de uso del sitio, que se indican a continuaci\u00f3n.La informaci\u00f3n contenida en este sitio es proporcionada por ORION \u00fanicamente a t\u00edtulo informativo y no est\u00e1 destinada a ser usada con otros fines. Al ingresar al sitio o al reproducir por cualquier medio el material en [&hellip;]<\/p>\n","protected":false},"author":3,"featured_media":0,"parent":0,"menu_order":0,"comment_status":"closed","ping_status":"closed","template":"","meta":{"footnotes":""},"class_list":["post-6569","page","type-page","status-publish","hentry"],"yoast_head":"<!-- This site is optimized with the Yoast SEO plugin v27.2 - https:\/\/yoast.com\/product\/yoast-seo-wordpress\/ -->\n<title>T\u00e9rminos y Condiciones - ORION<\/title>\n<meta name=\"robots\" content=\"index, follow, max-snippet:-1, max-image-preview:large, max-video-preview:-1\" \/>\n<link rel=\"canonical\" href=\"https:\/\/portalprod.segurosorion.cl\/seguros-orion\/terminos-y-condiciones\/\" \/>\n<meta property=\"og:locale\" content=\"es_ES\" \/>\n<meta property=\"og:type\" content=\"article\" \/>\n<meta property=\"og:title\" content=\"T\u00e9rminos y Condiciones - ORION\" \/>\n<meta property=\"og:description\" content=\"T\u00e9rminos y Condiciones Lea con cuidado los t\u00e9rminos y condiciones de uso del sitio, que se indican a continuaci\u00f3n.La informaci\u00f3n contenida en este sitio es proporcionada por ORION \u00fanicamente a t\u00edtulo informativo y no est\u00e1 destinada a ser usada con otros fines. Al ingresar al sitio o al reproducir por cualquier medio el material en [&hellip;]\" \/>\n<meta property=\"og:url\" content=\"https:\/\/portalprod.segurosorion.cl\/seguros-orion\/terminos-y-condiciones\/\" \/>\n<meta property=\"og:site_name\" content=\"ORION\" \/>\n<meta property=\"article:modified_time\" content=\"2024-04-02T09:16:40+00:00\" \/>\n<meta name=\"twitter:card\" content=\"summary_large_image\" \/>\n<meta name=\"twitter:label1\" content=\"Tiempo estimado de lectura\" \/>\n\t<meta name=\"twitter:data1\" content=\"4 minutos\" \/>\n<script type=\"application\/ld+json\" class=\"yoast-schema-graph\">{\"@context\":\"https:\/\/schema.org\",\"@graph\":[{\"@type\":\"WebPage\",\"@id\":\"https:\/\/portalprod.segurosorion.cl\/seguros-orion\/terminos-y-condiciones\/\",\"url\":\"https:\/\/portalprod.segurosorion.cl\/seguros-orion\/terminos-y-condiciones\/\",\"name\":\"T\u00e9rminos y Condiciones - ORION\",\"isPartOf\":{\"@id\":\"https:\/\/portalprod.segurosorion.cl\/seguros-orion\/#website\"},\"datePublished\":\"2024-04-02T09:11:10+00:00\",\"dateModified\":\"2024-04-02T09:16:40+00:00\",\"breadcrumb\":{\"@id\":\"https:\/\/portalprod.segurosorion.cl\/seguros-orion\/terminos-y-condiciones\/#breadcrumb\"},\"inLanguage\":\"es-CL\",\"potentialAction\":[{\"@type\":\"ReadAction\",\"target\":[\"https:\/\/portalprod.segurosorion.cl\/seguros-orion\/terminos-y-condiciones\/\"]}]},{\"@type\":\"BreadcrumbList\",\"@id\":\"https:\/\/portalprod.segurosorion.cl\/seguros-orion\/terminos-y-condiciones\/#breadcrumb\",\"itemListElement\":[{\"@type\":\"ListItem\",\"position\":1,\"name\":\"Portada\",\"item\":\"https:\/\/portalprod.segurosorion.cl\/seguros-orion\/\"},{\"@type\":\"ListItem\",\"position\":2,\"name\":\"T\u00e9rminos y Condiciones\"}]},{\"@type\":\"WebSite\",\"@id\":\"https:\/\/portalprod.segurosorion.cl\/seguros-orion\/#website\",\"url\":\"https:\/\/portalprod.segurosorion.cl\/seguros-orion\/\",\"name\":\"ORION\",\"description\":\"Seguros Generales\",\"publisher\":{\"@id\":\"https:\/\/portalprod.segurosorion.cl\/seguros-orion\/#organization\"},\"potentialAction\":[{\"@type\":\"SearchAction\",\"target\":{\"@type\":\"EntryPoint\",\"urlTemplate\":\"https:\/\/portalprod.segurosorion.cl\/seguros-orion\/?s={search_term_string}\"},\"query-input\":{\"@type\":\"PropertyValueSpecification\",\"valueRequired\":true,\"valueName\":\"search_term_string\"}}],\"inLanguage\":\"es-CL\"},{\"@type\":\"Organization\",\"@id\":\"https:\/\/portalprod.segurosorion.cl\/seguros-orion\/#organization\",\"name\":\"ORION\",\"url\":\"https:\/\/portalprod.segurosorion.cl\/seguros-orion\/\",\"logo\":{\"@type\":\"ImageObject\",\"inLanguage\":\"es-CL\",\"@id\":\"https:\/\/portalprod.segurosorion.cl\/seguros-orion\/#\/schema\/logo\/image\/\",\"url\":\"https:\/\/portalprod.segurosorion.cl\/seguros-orion\/wp-content\/uploads\/2023\/01\/logo_crop.png\",\"contentUrl\":\"https:\/\/portalprod.segurosorion.cl\/seguros-orion\/wp-content\/uploads\/2023\/01\/logo_crop.png\",\"width\":513,\"height\":106,\"caption\":\"ORION\"},\"image\":{\"@id\":\"https:\/\/portalprod.segurosorion.cl\/seguros-orion\/#\/schema\/logo\/image\/\"},\"sameAs\":[\"https:\/\/www.instagram.com\/segurosgeneralesorion\/\",\"https:\/\/cl.linkedin.com\/company\/orion-compania-de-seguros-generales\"]}]}<\/script>\n<!-- \/ Yoast SEO plugin. -->","yoast_head_json":{"title":"T\u00e9rminos y Condiciones - ORION","robots":{"index":"index","follow":"follow","max-snippet":"max-snippet:-1","max-image-preview":"max-image-preview:large","max-video-preview":"max-video-preview:-1"},"canonical":"https:\/\/portalprod.segurosorion.cl\/seguros-orion\/terminos-y-condiciones\/","og_locale":"es_ES","og_type":"article","og_title":"T\u00e9rminos y Condiciones - ORION","og_description":"T\u00e9rminos y Condiciones Lea con cuidado los t\u00e9rminos y condiciones de uso del sitio, que se indican a continuaci\u00f3n.La informaci\u00f3n contenida en este sitio es proporcionada por ORION \u00fanicamente a t\u00edtulo informativo y no est\u00e1 destinada a ser usada con otros fines. Al ingresar al sitio o al reproducir por cualquier medio el material en [&hellip;]","og_url":"https:\/\/portalprod.segurosorion.cl\/seguros-orion\/terminos-y-condiciones\/","og_site_name":"ORION","article_modified_time":"2024-04-02T09:16:40+00:00","twitter_card":"summary_large_image","twitter_misc":{"Tiempo estimado de lectura":"4 minutos"},"schema":{"@context":"https:\/\/schema.org","@graph":[{"@type":"WebPage","@id":"https:\/\/portalprod.segurosorion.cl\/seguros-orion\/terminos-y-condiciones\/","url":"https:\/\/portalprod.segurosorion.cl\/seguros-orion\/terminos-y-condiciones\/","name":"T\u00e9rminos y Condiciones - ORION","isPartOf":{"@id":"https:\/\/portalprod.segurosorion.cl\/seguros-orion\/#website"},"datePublished":"2024-04-02T09:11:10+00:00","dateModified":"2024-04-02T09:16:40+00:00","breadcrumb":{"@id":"https:\/\/portalprod.segurosorion.cl\/seguros-orion\/terminos-y-condiciones\/#breadcrumb"},"inLanguage":"es-CL","potentialAction":[{"@type":"ReadAction","target":["https:\/\/portalprod.segurosorion.cl\/seguros-orion\/terminos-y-condiciones\/"]}]},{"@type":"BreadcrumbList","@id":"https:\/\/portalprod.segurosorion.cl\/seguros-orion\/terminos-y-condiciones\/#breadcrumb","itemListElement":[{"@type":"ListItem","position":1,"name":"Portada","item":"https:\/\/portalprod.segurosorion.cl\/seguros-orion\/"},{"@type":"ListItem","position":2,"name":"T\u00e9rminos y Condiciones"}]},{"@type":"WebSite","@id":"https:\/\/portalprod.segurosorion.cl\/seguros-orion\/#website","url":"https:\/\/portalprod.segurosorion.cl\/seguros-orion\/","name":"ORION","description":"Seguros Generales","publisher":{"@id":"https:\/\/portalprod.segurosorion.cl\/seguros-orion\/#organization"},"potentialAction":[{"@type":"SearchAction","target":{"@type":"EntryPoint","urlTemplate":"https:\/\/portalprod.segurosorion.cl\/seguros-orion\/?s={search_term_string}"},"query-input":{"@type":"PropertyValueSpecification","valueRequired":true,"valueName":"search_term_string"}}],"inLanguage":"es-CL"},{"@type":"Organization","@id":"https:\/\/portalprod.segurosorion.cl\/seguros-orion\/#organization","name":"ORION","url":"https:\/\/portalprod.segurosorion.cl\/seguros-orion\/","logo":{"@type":"ImageObject","inLanguage":"es-CL","@id":"https:\/\/portalprod.segurosorion.cl\/seguros-orion\/#\/schema\/logo\/image\/","url":"https:\/\/portalprod.segurosorion.cl\/seguros-orion\/wp-content\/uploads\/2023\/01\/logo_crop.png","contentUrl":"https:\/\/portalprod.segurosorion.cl\/seguros-orion\/wp-content\/uploads\/2023\/01\/logo_crop.png","width":513,"height":106,"caption":"ORION"},"image":{"@id":"https:\/\/portalprod.segurosorion.cl\/seguros-orion\/#\/schema\/logo\/image\/"},"sameAs":["https:\/\/www.instagram.com\/segurosgeneralesorion\/","https:\/\/cl.linkedin.com\/company\/orion-compania-de-seguros-generales"]}]}},"_links":{"self":[{"href":"https:\/\/portalprod.segurosorion.cl\/seguros-orion\/wp-json\/wp\/v2\/pages\/6569","targetHints":{"allow":["GET"]}}],"collection":[{"href":"https:\/\/portalprod.segurosorion.cl\/seguros-orion\/wp-json\/wp\/v2\/pages"}],"about":[{"href":"https:\/\/portalprod.segurosorion.cl\/seguros-orion\/wp-json\/wp\/v2\/types\/page"}],"author":[{"embeddable":true,"href":"https:\/\/portalprod.segurosorion.cl\/seguros-orion\/wp-json\/wp\/v2\/users\/3"}],"replies":[{"embeddable":true,"href":"https:\/\/portalprod.segurosorion.cl\/seguros-orion\/wp-json\/wp\/v2\/comments?post=6569"}],"version-history":[{"count":8,"href":"https:\/\/portalprod.segurosorion.cl\/seguros-orion\/wp-json\/wp\/v2\/pages\/6569\/revisions"}],"predecessor-version":[{"id":6577,"href":"https:\/\/portalprod.segurosorion.cl\/seguros-orion\/wp-json\/wp\/v2\/pages\/6569\/revisions\/6577"}],"wp:attachment":[{"href":"https:\/\/portalprod.segurosorion.cl\/seguros-orion\/wp-json\/wp\/v2\/media?parent=6569"}],"curies":[{"name":"wp","href":"https:\/\/api.w.org\/{rel}","templated":true}]}}