{"id":6578,"date":"2024-04-02T06:18:05","date_gmt":"2024-04-02T09:18:05","guid":{"rendered":"https:\/\/portalprod.segurosorion.cl\/seguros-orion\/?page_id=6578"},"modified":"2024-04-02T06:19:19","modified_gmt":"2024-04-02T09:19:19","slug":"consejo-de-autoregulacion","status":"publish","type":"page","link":"https:\/\/portalprod.segurosorion.cl\/seguros-orion\/consejo-de-autoregulacion\/","title":{"rendered":"Consejo de Autoregulaci\u00f3n"},"content":{"rendered":"\t\t<div data-elementor-type=\"wp-page\" data-elementor-id=\"6578\" class=\"elementor elementor-6578\" data-elementor-post-type=\"page\">\n\t\t\t\t\t\t<section class=\"elementor-section elementor-top-section elementor-element elementor-element-939e033 elementor-section-boxed elementor-section-height-default elementor-section-height-default\" data-id=\"939e033\" data-element_type=\"section\" data-e-type=\"section\">\n\t\t\t\t\t\t<div class=\"elementor-container elementor-column-gap-default\">\n\t\t\t\t\t<div class=\"elementor-column elementor-col-100 elementor-top-column elementor-element elementor-element-0fb3269\" data-id=\"0fb3269\" data-element_type=\"column\" data-e-type=\"column\">\n\t\t\t<div class=\"elementor-widget-wrap elementor-element-populated\">\n\t\t\t\t\t\t<div class=\"elementor-element elementor-element-82ddfc3 elementor-widget elementor-widget-heading\" data-id=\"82ddfc3\" data-element_type=\"widget\" data-e-type=\"widget\" data-widget_type=\"heading.default\">\n\t\t\t\t<div class=\"elementor-widget-container\">\n\t\t\t\t\t<h1 class=\"elementor-heading-title elementor-size-default\">Consejo de Autoregulaci\u00f3n<\/h1>\t\t\t\t<\/div>\n\t\t\t\t<\/div>\n\t\t\t\t<div class=\"elementor-element elementor-element-3bd26b6 elementor-widget elementor-widget-text-editor\" data-id=\"3bd26b6\" data-element_type=\"widget\" data-e-type=\"widget\" data-widget_type=\"text-editor.default\">\n\t\t\t\t<div class=\"elementor-widget-container\">\n\t\t\t\t\t\t\t\t\t<h4>INFORMACI\u00d3N IMPORTANTE\n<\/h4>\n\n<p><strong>Orion Seguros Generales S.A.<\/strong>se encuentra adherida al C\u00f3digo de Autorregulaci\u00f3n de las Compa\u00f1\u00edas de Seguros y est\u00e1 sujeta al Compendio de Buenas Pr\u00e1cticas Corporativas, que contiene un conjunto de normas destinadas a promover una adecuada relaci\u00f3n de las compa\u00f1\u00edas de seguros con sus clientes. Copia de este Compendio se encuentra en la p\u00e1gina web <a href=\"http:\/\/www.aach.cl\/\" target=\"_blank\" rel=\"noopener\">www.aach.cl<\/a><\/p>\n<br>\n<p>Asimismo, ha aceptado la intervenci\u00f3n del Defensor del Asegurado cuando los clientes le presenten reclamos en relaci\u00f3n a los contratos celebrados con ella. Los clientes pueden presentar sus reclamos ante el Defensor del Asegurado utilizando los formularios disponibles en las oficinas de Orion Seguros Generales S.A. o a trav\u00e9s de la p\u00e1gina web <a href=\"http:\/\/www.ddachile.cl\/\" target=\"_blank\" rel=\"noopener\">www.ddachile.cl<\/a>.<\/p>\n\t\t\t\t\t\t\t\t<\/div>\n\t\t\t\t<\/div>\n\t\t\t\t\t<\/div>\n\t\t<\/div>\n\t\t\t\t\t<\/div>\n\t\t<\/section>\n\t\t\t\t<\/div>\n\t\t","protected":false},"excerpt":{"rendered":"<p>Consejo de Autoregulaci\u00f3n INFORMACI\u00d3N IMPORTANTE Orion Seguros Generales S.A.se encuentra adherida al C\u00f3digo de Autorregulaci\u00f3n de las Compa\u00f1\u00edas de Seguros y est\u00e1 sujeta al Compendio de Buenas Pr\u00e1cticas Corporativas, que contiene un conjunto de normas destinadas a promover una adecuada relaci\u00f3n de las compa\u00f1\u00edas de seguros con sus clientes. Copia de este Compendio se encuentra [&hellip;]<\/p>\n","protected":false},"author":3,"featured_media":0,"parent":0,"menu_order":0,"comment_status":"closed","ping_status":"closed","template":"","meta":{"footnotes":""},"class_list":["post-6578","page","type-page","status-publish","hentry"],"yoast_head":"<!-- This site is optimized with the Yoast SEO plugin v27.2 - https:\/\/yoast.com\/product\/yoast-seo-wordpress\/ -->\n<title>Consejo de Autoregulaci\u00f3n - ORION<\/title>\n<meta name=\"robots\" content=\"index, follow, max-snippet:-1, max-image-preview:large, max-video-preview:-1\" \/>\n<link rel=\"canonical\" href=\"https:\/\/portalprod.segurosorion.cl\/seguros-orion\/consejo-de-autoregulacion\/\" \/>\n<meta property=\"og:locale\" content=\"es_ES\" \/>\n<meta property=\"og:type\" content=\"article\" \/>\n<meta property=\"og:title\" content=\"Consejo de Autoregulaci\u00f3n - ORION\" \/>\n<meta property=\"og:description\" content=\"Consejo de Autoregulaci\u00f3n INFORMACI\u00d3N IMPORTANTE Orion Seguros Generales S.A.se encuentra adherida al C\u00f3digo de Autorregulaci\u00f3n de las Compa\u00f1\u00edas de Seguros y est\u00e1 sujeta al Compendio de Buenas Pr\u00e1cticas Corporativas, que contiene un conjunto de normas destinadas a promover una adecuada relaci\u00f3n de las compa\u00f1\u00edas de seguros con sus clientes. Copia de este Compendio se encuentra [&hellip;]\" \/>\n<meta property=\"og:url\" content=\"https:\/\/portalprod.segurosorion.cl\/seguros-orion\/consejo-de-autoregulacion\/\" \/>\n<meta property=\"og:site_name\" content=\"ORION\" \/>\n<meta property=\"article:modified_time\" content=\"2024-04-02T09:19:19+00:00\" \/>\n<meta name=\"twitter:card\" content=\"summary_large_image\" \/>\n<meta name=\"twitter:label1\" content=\"Tiempo estimado de lectura\" \/>\n\t<meta name=\"twitter:data1\" content=\"1 minuto\" \/>\n<script type=\"application\/ld+json\" class=\"yoast-schema-graph\">{\"@context\":\"https:\/\/schema.org\",\"@graph\":[{\"@type\":\"WebPage\",\"@id\":\"https:\/\/portalprod.segurosorion.cl\/seguros-orion\/consejo-de-autoregulacion\/\",\"url\":\"https:\/\/portalprod.segurosorion.cl\/seguros-orion\/consejo-de-autoregulacion\/\",\"name\":\"Consejo de Autoregulaci\u00f3n - ORION\",\"isPartOf\":{\"@id\":\"https:\/\/portalprod.segurosorion.cl\/seguros-orion\/#website\"},\"datePublished\":\"2024-04-02T09:18:05+00:00\",\"dateModified\":\"2024-04-02T09:19:19+00:00\",\"breadcrumb\":{\"@id\":\"https:\/\/portalprod.segurosorion.cl\/seguros-orion\/consejo-de-autoregulacion\/#breadcrumb\"},\"inLanguage\":\"es-CL\",\"potentialAction\":[{\"@type\":\"ReadAction\",\"target\":[\"https:\/\/portalprod.segurosorion.cl\/seguros-orion\/consejo-de-autoregulacion\/\"]}]},{\"@type\":\"BreadcrumbList\",\"@id\":\"https:\/\/portalprod.segurosorion.cl\/seguros-orion\/consejo-de-autoregulacion\/#breadcrumb\",\"itemListElement\":[{\"@type\":\"ListItem\",\"position\":1,\"name\":\"Portada\",\"item\":\"https:\/\/portalprod.segurosorion.cl\/seguros-orion\/\"},{\"@type\":\"ListItem\",\"position\":2,\"name\":\"Consejo de Autoregulaci\u00f3n\"}]},{\"@type\":\"WebSite\",\"@id\":\"https:\/\/portalprod.segurosorion.cl\/seguros-orion\/#website\",\"url\":\"https:\/\/portalprod.segurosorion.cl\/seguros-orion\/\",\"name\":\"ORION\",\"description\":\"Seguros Generales\",\"publisher\":{\"@id\":\"https:\/\/portalprod.segurosorion.cl\/seguros-orion\/#organization\"},\"potentialAction\":[{\"@type\":\"SearchAction\",\"target\":{\"@type\":\"EntryPoint\",\"urlTemplate\":\"https:\/\/portalprod.segurosorion.cl\/seguros-orion\/?s={search_term_string}\"},\"query-input\":{\"@type\":\"PropertyValueSpecification\",\"valueRequired\":true,\"valueName\":\"search_term_string\"}}],\"inLanguage\":\"es-CL\"},{\"@type\":\"Organization\",\"@id\":\"https:\/\/portalprod.segurosorion.cl\/seguros-orion\/#organization\",\"name\":\"ORION\",\"url\":\"https:\/\/portalprod.segurosorion.cl\/seguros-orion\/\",\"logo\":{\"@type\":\"ImageObject\",\"inLanguage\":\"es-CL\",\"@id\":\"https:\/\/portalprod.segurosorion.cl\/seguros-orion\/#\/schema\/logo\/image\/\",\"url\":\"https:\/\/portalprod.segurosorion.cl\/seguros-orion\/wp-content\/uploads\/2023\/01\/logo_crop.png\",\"contentUrl\":\"https:\/\/portalprod.segurosorion.cl\/seguros-orion\/wp-content\/uploads\/2023\/01\/logo_crop.png\",\"width\":513,\"height\":106,\"caption\":\"ORION\"},\"image\":{\"@id\":\"https:\/\/portalprod.segurosorion.cl\/seguros-orion\/#\/schema\/logo\/image\/\"},\"sameAs\":[\"https:\/\/www.instagram.com\/segurosgeneralesorion\/\",\"https:\/\/cl.linkedin.com\/company\/orion-compania-de-seguros-generales\"]}]}<\/script>\n<!-- \/ Yoast SEO plugin. -->","yoast_head_json":{"title":"Consejo de Autoregulaci\u00f3n - ORION","robots":{"index":"index","follow":"follow","max-snippet":"max-snippet:-1","max-image-preview":"max-image-preview:large","max-video-preview":"max-video-preview:-1"},"canonical":"https:\/\/portalprod.segurosorion.cl\/seguros-orion\/consejo-de-autoregulacion\/","og_locale":"es_ES","og_type":"article","og_title":"Consejo de Autoregulaci\u00f3n - ORION","og_description":"Consejo de Autoregulaci\u00f3n INFORMACI\u00d3N IMPORTANTE Orion Seguros Generales S.A.se encuentra adherida al C\u00f3digo de Autorregulaci\u00f3n de las Compa\u00f1\u00edas de Seguros y est\u00e1 sujeta al Compendio de Buenas Pr\u00e1cticas Corporativas, que contiene un conjunto de normas destinadas a promover una adecuada relaci\u00f3n de las compa\u00f1\u00edas de seguros con sus clientes. Copia de este Compendio se encuentra [&hellip;]","og_url":"https:\/\/portalprod.segurosorion.cl\/seguros-orion\/consejo-de-autoregulacion\/","og_site_name":"ORION","article_modified_time":"2024-04-02T09:19:19+00:00","twitter_card":"summary_large_image","twitter_misc":{"Tiempo estimado de lectura":"1 minuto"},"schema":{"@context":"https:\/\/schema.org","@graph":[{"@type":"WebPage","@id":"https:\/\/portalprod.segurosorion.cl\/seguros-orion\/consejo-de-autoregulacion\/","url":"https:\/\/portalprod.segurosorion.cl\/seguros-orion\/consejo-de-autoregulacion\/","name":"Consejo de Autoregulaci\u00f3n - ORION","isPartOf":{"@id":"https:\/\/portalprod.segurosorion.cl\/seguros-orion\/#website"},"datePublished":"2024-04-02T09:18:05+00:00","dateModified":"2024-04-02T09:19:19+00:00","breadcrumb":{"@id":"https:\/\/portalprod.segurosorion.cl\/seguros-orion\/consejo-de-autoregulacion\/#breadcrumb"},"inLanguage":"es-CL","potentialAction":[{"@type":"ReadAction","target":["https:\/\/portalprod.segurosorion.cl\/seguros-orion\/consejo-de-autoregulacion\/"]}]},{"@type":"BreadcrumbList","@id":"https:\/\/portalprod.segurosorion.cl\/seguros-orion\/consejo-de-autoregulacion\/#breadcrumb","itemListElement":[{"@type":"ListItem","position":1,"name":"Portada","item":"https:\/\/portalprod.segurosorion.cl\/seguros-orion\/"},{"@type":"ListItem","position":2,"name":"Consejo de Autoregulaci\u00f3n"}]},{"@type":"WebSite","@id":"https:\/\/portalprod.segurosorion.cl\/seguros-orion\/#website","url":"https:\/\/portalprod.segurosorion.cl\/seguros-orion\/","name":"ORION","description":"Seguros Generales","publisher":{"@id":"https:\/\/portalprod.segurosorion.cl\/seguros-orion\/#organization"},"potentialAction":[{"@type":"SearchAction","target":{"@type":"EntryPoint","urlTemplate":"https:\/\/portalprod.segurosorion.cl\/seguros-orion\/?s={search_term_string}"},"query-input":{"@type":"PropertyValueSpecification","valueRequired":true,"valueName":"search_term_string"}}],"inLanguage":"es-CL"},{"@type":"Organization","@id":"https:\/\/portalprod.segurosorion.cl\/seguros-orion\/#organization","name":"ORION","url":"https:\/\/portalprod.segurosorion.cl\/seguros-orion\/","logo":{"@type":"ImageObject","inLanguage":"es-CL","@id":"https:\/\/portalprod.segurosorion.cl\/seguros-orion\/#\/schema\/logo\/image\/","url":"https:\/\/portalprod.segurosorion.cl\/seguros-orion\/wp-content\/uploads\/2023\/01\/logo_crop.png","contentUrl":"https:\/\/portalprod.segurosorion.cl\/seguros-orion\/wp-content\/uploads\/2023\/01\/logo_crop.png","width":513,"height":106,"caption":"ORION"},"image":{"@id":"https:\/\/portalprod.segurosorion.cl\/seguros-orion\/#\/schema\/logo\/image\/"},"sameAs":["https:\/\/www.instagram.com\/segurosgeneralesorion\/","https:\/\/cl.linkedin.com\/company\/orion-compania-de-seguros-generales"]}]}},"_links":{"self":[{"href":"https:\/\/portalprod.segurosorion.cl\/seguros-orion\/wp-json\/wp\/v2\/pages\/6578","targetHints":{"allow":["GET"]}}],"collection":[{"href":"https:\/\/portalprod.segurosorion.cl\/seguros-orion\/wp-json\/wp\/v2\/pages"}],"about":[{"href":"https:\/\/portalprod.segurosorion.cl\/seguros-orion\/wp-json\/wp\/v2\/types\/page"}],"author":[{"embeddable":true,"href":"https:\/\/portalprod.segurosorion.cl\/seguros-orion\/wp-json\/wp\/v2\/users\/3"}],"replies":[{"embeddable":true,"href":"https:\/\/portalprod.segurosorion.cl\/seguros-orion\/wp-json\/wp\/v2\/comments?post=6578"}],"version-history":[{"count":4,"href":"https:\/\/portalprod.segurosorion.cl\/seguros-orion\/wp-json\/wp\/v2\/pages\/6578\/revisions"}],"predecessor-version":[{"id":6582,"href":"https:\/\/portalprod.segurosorion.cl\/seguros-orion\/wp-json\/wp\/v2\/pages\/6578\/revisions\/6582"}],"wp:attachment":[{"href":"https:\/\/portalprod.segurosorion.cl\/seguros-orion\/wp-json\/wp\/v2\/media?parent=6578"}],"curies":[{"name":"wp","href":"https:\/\/api.w.org\/{rel}","templated":true}]}}